{"id":103,"date":"2026-01-16T21:16:20","date_gmt":"2026-01-16T21:16:20","guid":{"rendered":"https:\/\/sandrapedro.pt\/?page_id=103"},"modified":"2026-01-19T17:16:11","modified_gmt":"2026-01-19T17:16:11","slug":"mentoria-programas","status":"publish","type":"page","link":"https:\/\/sandrapedro.pt\/?page_id=103","title":{"rendered":"Mentoria &amp; Programas"},"content":{"rendered":"\t\t<div data-elementor-type=\"wp-page\" data-elementor-id=\"103\" class=\"elementor elementor-103\" data-elementor-post-type=\"page\">\n\t\t\t\t<div class=\"elementor-element elementor-element-f1572c3 e-flex e-con-boxed e-con e-parent\" data-id=\"f1572c3\" data-element_type=\"container\" data-settings=\"{&quot;background_background&quot;:&quot;classic&quot;}\">\n\t\t\t\t\t<div class=\"e-con-inner\">\n\t\t<div class=\"elementor-element elementor-element-09cc276 e-con-full e-flex e-con e-child\" data-id=\"09cc276\" data-element_type=\"container\">\n\t\t\t\t<div class=\"elementor-element elementor-element-eec8822 elementor-invisible elementor-widget elementor-widget-heading\" data-id=\"eec8822\" data-element_type=\"widget\" data-settings=\"{&quot;_animation&quot;:&quot;fadeInUp&quot;,&quot;_animation_delay&quot;:300}\" data-widget_type=\"heading.default\">\n\t\t\t\t\t<h1 class=\"elementor-heading-title elementor-size-default\">MENTORIAS &amp; PROGRAMAS<\/h1>\t\t\t\t<\/div>\n\t\t\t\t<\/div>\n\t\t\t\t\t<\/div>\n\t\t\t\t<\/div>\n\t\t<div class=\"elementor-element elementor-element-016ce13 e-flex e-con-boxed e-con e-parent\" data-id=\"016ce13\" data-element_type=\"container\" data-settings=\"{&quot;background_background&quot;:&quot;classic&quot;}\">\n\t\t\t\t\t<div class=\"e-con-inner\">\n\t\t<div class=\"elementor-element elementor-element-44828ec e-con-full e-flex e-con e-child\" data-id=\"44828ec\" data-element_type=\"container\">\n\t\t\t\t<div class=\"elementor-element elementor-element-dd7e4d3 elementor-invisible elementor-widget elementor-widget-image\" data-id=\"dd7e4d3\" data-element_type=\"widget\" data-settings=\"{&quot;_animation&quot;:&quot;fadeInLeft&quot;,&quot;_animation_delay&quot;:200}\" data-widget_type=\"image.default\">\n\t\t\t\t\t\t\t\t\t\t\t\t\t\t\t<img fetchpriority=\"high\" decoding=\"async\" width=\"1707\" height=\"2560\" src=\"https:\/\/sandrapedro.pt\/wp-content\/uploads\/2026\/01\/VPR_9982-scaled-1.jpg\" class=\"attachment-full size-full wp-image-22\" alt=\"\" srcset=\"https:\/\/sandrapedro.pt\/wp-content\/uploads\/2026\/01\/VPR_9982-scaled-1.jpg 1707w, https:\/\/sandrapedro.pt\/wp-content\/uploads\/2026\/01\/VPR_9982-scaled-1-200x300.jpg 200w, https:\/\/sandrapedro.pt\/wp-content\/uploads\/2026\/01\/VPR_9982-scaled-1-683x1024.jpg 683w, https:\/\/sandrapedro.pt\/wp-content\/uploads\/2026\/01\/VPR_9982-scaled-1-768x1152.jpg 768w, https:\/\/sandrapedro.pt\/wp-content\/uploads\/2026\/01\/VPR_9982-scaled-1-1024x1536.jpg 1024w, https:\/\/sandrapedro.pt\/wp-content\/uploads\/2026\/01\/VPR_9982-scaled-1-1366x2048.jpg 1366w\" sizes=\"(max-width: 1707px) 100vw, 1707px\" \/>\t\t\t\t\t\t\t\t\t\t\t\t\t\t\t<\/div>\n\t\t\t\t<\/div>\n\t\t<div class=\"elementor-element elementor-element-ba6f844 e-con-full e-flex elementor-invisible e-con e-child\" data-id=\"ba6f844\" data-element_type=\"container\" data-settings=\"{&quot;animation&quot;:&quot;fadeInRight&quot;,&quot;animation_delay&quot;:200}\">\n\t\t\t\t<div class=\"elementor-element elementor-element-ea8e351 elementor-widget elementor-widget-heading\" data-id=\"ea8e351\" data-element_type=\"widget\" data-widget_type=\"heading.default\">\n\t\t\t\t\t<h6 class=\"elementor-heading-title elementor-size-default\">MENTORIAS &amp; PROGRAMAS<\/h6>\t\t\t\t<\/div>\n\t\t\t\t<div class=\"elementor-element elementor-element-1f539e9 elementor-widget elementor-widget-heading\" data-id=\"1f539e9\" data-element_type=\"widget\" data-widget_type=\"heading.default\">\n\t\t\t\t\t<h2 class=\"elementor-heading-title elementor-size-default\">\nComunicar \u00e9 transformar.\n<\/h2>\t\t\t\t<\/div>\n\t\t\t\t<div class=\"elementor-element elementor-element-2746b1a elementor-widget__width-initial elementor-widget elementor-widget-heading\" data-id=\"2746b1a\" data-element_type=\"widget\" data-widget_type=\"heading.default\">\n\t\t\t\t\t<div class=\"elementor-heading-title elementor-size-default\">A comunica\u00e7\u00e3o \u00e9 a ponte entre o que somos e o que podemos criar juntos.\nCada programa nasce da inten\u00e7\u00e3o de tornar a palavra um espa\u00e7o de clareza, autenticidade e impacto real.\n<br><br>Onde a presen\u00e7a substitui o ru\u00eddo,\ne a consci\u00eancia transforma-se em a\u00e7\u00e3o.\n<\/div>\t\t\t\t<\/div>\n\t\t\t\t<\/div>\n\t\t\t\t\t<\/div>\n\t\t\t\t<\/div>\n\t\t<div class=\"elementor-element elementor-element-4c8726d e-flex e-con-boxed e-con e-parent\" data-id=\"4c8726d\" data-element_type=\"container\" data-settings=\"{&quot;background_background&quot;:&quot;classic&quot;}\">\n\t\t\t\t\t<div class=\"e-con-inner\">\n\t\t\t\t<div class=\"elementor-element elementor-element-467c765 elementor-arrows-position-inside elementor-widget elementor-widget-n-carousel\" data-id=\"467c765\" data-element_type=\"widget\" data-settings=\"{&quot;carousel_items&quot;:[{&quot;slide_title&quot;:&quot;Slide #1&quot;,&quot;_id&quot;:&quot;68c9499&quot;},{&quot;slide_title&quot;:&quot;Slide #1&quot;,&quot;_id&quot;:&quot;23f1913&quot;},{&quot;slide_title&quot;:&quot;Slide #1&quot;,&quot;_id&quot;:&quot;7e7455f&quot;},{&quot;slide_title&quot;:&quot;Slide #1&quot;,&quot;_id&quot;:&quot;d0846c1&quot;}],&quot;slides_to_show&quot;:&quot;1&quot;,&quot;slides_to_show_tablet&quot;:&quot;1&quot;,&quot;slides_to_scroll&quot;:&quot;1&quot;,&quot;slides_to_show_mobile&quot;:&quot;1&quot;,&quot;autoplay&quot;:&quot;yes&quot;,&quot;autoplay_speed&quot;:5000,&quot;pause_on_hover&quot;:&quot;yes&quot;,&quot;pause_on_interaction&quot;:&quot;yes&quot;,&quot;infinite&quot;:&quot;yes&quot;,&quot;speed&quot;:500,&quot;offset_sides&quot;:&quot;none&quot;,&quot;arrows&quot;:&quot;yes&quot;,&quot;image_spacing_custom&quot;:{&quot;unit&quot;:&quot;px&quot;,&quot;size&quot;:10,&quot;sizes&quot;:[]},&quot;image_spacing_custom_tablet&quot;:{&quot;unit&quot;:&quot;px&quot;,&quot;size&quot;:&quot;&quot;,&quot;sizes&quot;:[]},&quot;image_spacing_custom_mobile&quot;:{&quot;unit&quot;:&quot;px&quot;,&quot;size&quot;:&quot;&quot;,&quot;sizes&quot;:[]}}\" data-widget_type=\"nested-carousel.default\">\n\t\t\t\t\t\t\t<div class=\"e-n-carousel swiper\" role=\"region\" aria-roledescription=\"carousel\" aria-label=\"Carousel\" dir=\"ltr\">\n\t\t\t<div class=\"swiper-wrapper\" aria-live=\"off\">\n\t\t\t\t\t\t\t\t\t\t<div class=\"swiper-slide\" data-slide=\"1\" role=\"group\" aria-roledescription=\"slide\" aria-label=\"1 of 4\">\n\t\t\t\t\t\t\t<div class=\"elementor-element elementor-element-22cffa5 e-con-full e-flex e-con e-child\" data-id=\"22cffa5\" data-element_type=\"container\" data-settings=\"{&quot;background_background&quot;:&quot;classic&quot;}\">\n\t\t<div class=\"elementor-element elementor-element-8a018dd e-con-full e-flex e-con e-child\" data-id=\"8a018dd\" data-element_type=\"container\" data-settings=\"{&quot;background_background&quot;:&quot;classic&quot;}\">\n\t\t\t\t<div class=\"elementor-element elementor-element-9eaf7c6 elementor-widget__width-initial elementor-widget-mobile__width-inherit elementor-widget elementor-widget-testimonial\" data-id=\"9eaf7c6\" data-element_type=\"widget\" data-widget_type=\"testimonial.default\">\n\t\t\t\t\t\t\t<div class=\"elementor-testimonial-wrapper\">\n\t\t\t\t\t\t\t<div class=\"elementor-testimonial-content\">A Vozes de Conex\u00e3o \u00e9 um movimento de reencontro com a express\u00e3o feminina, com a empatia, a escuta e a autenticidade.<br><br>\nAqui, a comunica\u00e7\u00e3o torna-se pr\u00e1tica viva:\num percurso de consci\u00eancia e rela\u00e7\u00e3o.\nO programa Comunica\u00e7\u00e3o Consciente para Mulheres - Essential\n\u00e9 o primeiro passo nesta caminhada de autodescoberta e presen\u00e7a.\n<\/div>\n\t\t\t\n\t\t\t\t\t\t<div class=\"elementor-testimonial-meta\">\n\t\t\t\t<div class=\"elementor-testimonial-meta-inner\">\n\t\t\t\t\t\n\t\t\t\t\t\t\t\t\t\t<div class=\"elementor-testimonial-details\">\n\t\t\t\t\t\t\t\t\t\t\t\t\t\t<div class=\"elementor-testimonial-name\">Vozes de Conex\u00e3o \u2014 Escola de Comunica\u00e7\u00e3o Feminina<\/div>\n\t\t\t\t\t\t\t\t\t\t\t\t\t\t\t\t\t\t\t\t\t\t<div class=\"elementor-testimonial-job\">Um espa\u00e7o onde a palavra cura.<\/div>\n\t\t\t\t\t\t\t\t\t\t\t\t\t<\/div>\n\t\t\t\t\t\t\t\t\t<\/div>\n\t\t\t<\/div>\n\t\t\t\t\t<\/div>\n\t\t\t\t\t\t<\/div>\n\t\t\t\t<div class=\"elementor-element elementor-element-0e9ac83 elementor-widget__width-initial elementor-widget-mobile__width-inherit elementor-widget elementor-widget-image\" data-id=\"0e9ac83\" data-element_type=\"widget\" data-widget_type=\"image.default\">\n\t\t\t\t\t\t\t\t\t\t\t\t\t\t\t<img decoding=\"async\" width=\"800\" height=\"800\" src=\"https:\/\/sandrapedro.pt\/wp-content\/uploads\/2026\/01\/Sem-titulo-2-1024x1024.png\" class=\"attachment-large size-large wp-image-170\" alt=\"\" srcset=\"https:\/\/sandrapedro.pt\/wp-content\/uploads\/2026\/01\/Sem-titulo-2-1024x1024.png 1024w, https:\/\/sandrapedro.pt\/wp-content\/uploads\/2026\/01\/Sem-titulo-2-300x300.png 300w, https:\/\/sandrapedro.pt\/wp-content\/uploads\/2026\/01\/Sem-titulo-2-150x150.png 150w, https:\/\/sandrapedro.pt\/wp-content\/uploads\/2026\/01\/Sem-titulo-2-768x768.png 768w, https:\/\/sandrapedro.pt\/wp-content\/uploads\/2026\/01\/Sem-titulo-2.png 1080w\" sizes=\"(max-width: 800px) 100vw, 800px\" \/>\t\t\t\t\t\t\t\t\t\t\t\t\t\t\t<\/div>\n\t\t\t\t<\/div>\n\t\t\t\t<\/div>\n\t\t\t\t\t\t\t\t<\/div>\n\t\t\t\t\t\t\t\t\t\t\t<div class=\"swiper-slide\" data-slide=\"2\" role=\"group\" aria-roledescription=\"slide\" aria-label=\"2 of 4\">\n\t\t\t\t\t\t\t<div class=\"elementor-element elementor-element-2560596 e-con-full e-flex e-con e-child\" data-id=\"2560596\" data-element_type=\"container\">\n\t\t<div class=\"elementor-element elementor-element-dc31b3e e-con-full e-flex e-con e-child\" data-id=\"dc31b3e\" data-element_type=\"container\" data-settings=\"{&quot;background_background&quot;:&quot;classic&quot;}\">\n\t\t\t\t<div class=\"elementor-element elementor-element-a29674b elementor-widget__width-initial elementor-widget-mobile__width-inherit elementor-widget elementor-widget-testimonial\" data-id=\"a29674b\" data-element_type=\"widget\" data-widget_type=\"testimonial.default\">\n\t\t\t\t\t\t\t<div class=\"elementor-testimonial-wrapper\">\n\t\t\t\t\t\t\t<div class=\"elementor-testimonial-content\">Esta mentoria \u00e9 um espa\u00e7o de escuta e expans\u00e3o, onde a consci\u00eancia transforma-se em linguagem, e a linguagem torna-se uma ferramenta de verdade e conex\u00e3o.\n<br><br>Aqui, desenvolves intelig\u00eancia relacional, clareza de pensamento e coer\u00eancia entre o que sentes e o que expressas. N\u00e3o \u00e9 um processo de mudan\u00e7a. \u00c9 um processo de presen\u00e7a.\n<\/div>\n\t\t\t\n\t\t\t\t\t\t<div class=\"elementor-testimonial-meta\">\n\t\t\t\t<div class=\"elementor-testimonial-meta-inner\">\n\t\t\t\t\t\n\t\t\t\t\t\t\t\t\t\t<div class=\"elementor-testimonial-details\">\n\t\t\t\t\t\t\t\t\t\t\t\t\t\t<div class=\"elementor-testimonial-name\">Mentoria de Comunica\u00e7\u00e3o Consciente<\/div>\n\t\t\t\t\t\t\t\t\t\t\t\t\t\t\t\t\t\t\t\t\t\t<div class=\"elementor-testimonial-job\">Um caminho de reencontro com a tua voz aut\u00eantica.<\/div>\n\t\t\t\t\t\t\t\t\t\t\t\t\t<\/div>\n\t\t\t\t\t\t\t\t\t<\/div>\n\t\t\t<\/div>\n\t\t\t\t\t<\/div>\n\t\t\t\t\t\t<\/div>\n\t\t\t\t<div class=\"elementor-element elementor-element-b866ab8 elementor-widget__width-initial elementor-widget-mobile__width-inherit elementor-widget elementor-widget-image\" data-id=\"b866ab8\" data-element_type=\"widget\" data-widget_type=\"image.default\">\n\t\t\t\t\t\t\t\t\t\t\t\t\t\t\t<img decoding=\"async\" width=\"800\" height=\"800\" src=\"https:\/\/sandrapedro.pt\/wp-content\/uploads\/2026\/01\/Sem-titulo-2-1024x1024.jpg\" class=\"attachment-large size-large wp-image-171\" alt=\"\" srcset=\"https:\/\/sandrapedro.pt\/wp-content\/uploads\/2026\/01\/Sem-titulo-2-1024x1024.jpg 1024w, https:\/\/sandrapedro.pt\/wp-content\/uploads\/2026\/01\/Sem-titulo-2-300x300.jpg 300w, https:\/\/sandrapedro.pt\/wp-content\/uploads\/2026\/01\/Sem-titulo-2-150x150.jpg 150w, https:\/\/sandrapedro.pt\/wp-content\/uploads\/2026\/01\/Sem-titulo-2-768x768.jpg 768w, https:\/\/sandrapedro.pt\/wp-content\/uploads\/2026\/01\/Sem-titulo-2.jpg 1080w\" sizes=\"(max-width: 800px) 100vw, 800px\" \/>\t\t\t\t\t\t\t\t\t\t\t\t\t\t\t<\/div>\n\t\t\t\t<\/div>\n\t\t\t\t<\/div>\n\t\t\t\t\t\t\t\t<\/div>\n\t\t\t\t\t\t\t\t\t\t\t<div class=\"swiper-slide\" data-slide=\"3\" role=\"group\" aria-roledescription=\"slide\" aria-label=\"3 of 4\">\n\t\t\t\t\t\t\t<div class=\"elementor-element elementor-element-9a726d0 e-con-full e-flex e-con e-child\" data-id=\"9a726d0\" data-element_type=\"container\">\n\t\t<div class=\"elementor-element elementor-element-03953e1 e-con-full e-flex e-con e-child\" data-id=\"03953e1\" data-element_type=\"container\" data-settings=\"{&quot;background_background&quot;:&quot;classic&quot;}\">\n\t\t\t\t<div class=\"elementor-element elementor-element-0ebd317 elementor-widget__width-initial elementor-widget-mobile__width-inherit elementor-widget elementor-widget-testimonial\" data-id=\"0ebd317\" data-element_type=\"widget\" data-widget_type=\"testimonial.default\">\n\t\t\t\t\t\t\t<div class=\"elementor-testimonial-wrapper\">\n\t\t\t\t\t\t\t<div class=\"elementor-testimonial-content\">Este programa \u00e9 um espa\u00e7o de transforma\u00e7\u00e3o cultural,\nonde l\u00edderes e equipas aprendem a criar contextos de confian\u00e7a,\ncolabora\u00e7\u00e3o e clareza.<br><br>\nAqui, a comunica\u00e7\u00e3o n\u00e3o \u00e9 apenas ferramenta.\n\u00c9 uma forma de lideran\u00e7a \u00e9tica e humana.\n<\/div>\n\t\t\t\n\t\t\t\t\t\t<div class=\"elementor-testimonial-meta\">\n\t\t\t\t<div class=\"elementor-testimonial-meta-inner\">\n\t\t\t\t\t\n\t\t\t\t\t\t\t\t\t\t<div class=\"elementor-testimonial-details\">\n\t\t\t\t\t\t\t\t\t\t\t\t\t\t<div class=\"elementor-testimonial-name\">Lideran\u00e7a e Comunica\u00e7\u00e3o nas Organiza\u00e7\u00f5es <\/div>\n\t\t\t\t\t\t\t\t\t\t\t\t\t\t\t\t\t\t\t\t\t\t<div class=\"elementor-testimonial-job\">A cultura de uma organiza\u00e7\u00e3o vive na forma como comunica.<\/div>\n\t\t\t\t\t\t\t\t\t\t\t\t\t<\/div>\n\t\t\t\t\t\t\t\t\t<\/div>\n\t\t\t<\/div>\n\t\t\t\t\t<\/div>\n\t\t\t\t\t\t<\/div>\n\t\t\t\t<div class=\"elementor-element elementor-element-fea801e elementor-widget__width-initial elementor-widget-mobile__width-inherit elementor-widget elementor-widget-image\" data-id=\"fea801e\" data-element_type=\"widget\" data-widget_type=\"image.default\">\n\t\t\t\t\t\t\t\t\t\t\t\t\t\t\t<img loading=\"lazy\" decoding=\"async\" width=\"800\" height=\"800\" src=\"https:\/\/sandrapedro.pt\/wp-content\/uploads\/2026\/01\/Sem-titulo-2f-1024x1024.jpg\" class=\"attachment-large size-large wp-image-172\" alt=\"\" srcset=\"https:\/\/sandrapedro.pt\/wp-content\/uploads\/2026\/01\/Sem-titulo-2f-1024x1024.jpg 1024w, https:\/\/sandrapedro.pt\/wp-content\/uploads\/2026\/01\/Sem-titulo-2f-300x300.jpg 300w, https:\/\/sandrapedro.pt\/wp-content\/uploads\/2026\/01\/Sem-titulo-2f-150x150.jpg 150w, https:\/\/sandrapedro.pt\/wp-content\/uploads\/2026\/01\/Sem-titulo-2f-768x768.jpg 768w, https:\/\/sandrapedro.pt\/wp-content\/uploads\/2026\/01\/Sem-titulo-2f.jpg 1080w\" sizes=\"(max-width: 800px) 100vw, 800px\" \/>\t\t\t\t\t\t\t\t\t\t\t\t\t\t\t<\/div>\n\t\t\t\t<\/div>\n\t\t\t\t<\/div>\n\t\t\t\t\t\t\t\t<\/div>\n\t\t\t\t\t\t\t\t\t\t\t<div class=\"swiper-slide\" data-slide=\"4\" role=\"group\" aria-roledescription=\"slide\" aria-label=\"4 of 4\">\n\t\t\t\t\t\t\t<div class=\"elementor-element elementor-element-8a86f2f e-con-full e-flex e-con e-child\" data-id=\"8a86f2f\" data-element_type=\"container\" data-settings=\"{&quot;background_background&quot;:&quot;classic&quot;}\">\n\t\t<div class=\"elementor-element elementor-element-11a4acc e-con-full e-flex e-con e-child\" data-id=\"11a4acc\" data-element_type=\"container\" data-settings=\"{&quot;background_background&quot;:&quot;classic&quot;}\">\n\t\t\t\t<div class=\"elementor-element elementor-element-308f735 elementor-widget__width-initial elementor-widget-mobile__width-inherit elementor-widget elementor-widget-testimonial\" data-id=\"308f735\" data-element_type=\"widget\" data-widget_type=\"testimonial.default\">\n\t\t\t\t\t\t\t<div class=\"elementor-testimonial-wrapper\">\n\t\t\t\t\t\t\t<div class=\"elementor-testimonial-content\">Em cada palestra, conversa ou experi\u00eancia,\nlevo a comunica\u00e7\u00e3o para o centro da consci\u00eancia.<br><br>\nEstes encontros convidam \u00e0 reflex\u00e3o e \u00e0 pr\u00e1tica:\npensar diferente, escutar com empatia e agir com \u00e9tica.\nA mudan\u00e7a come\u00e7a no di\u00e1logo.\nA presen\u00e7a faz o resto.\n<\/div>\n\t\t\t\n\t\t\t\t\t\t<div class=\"elementor-testimonial-meta\">\n\t\t\t\t<div class=\"elementor-testimonial-meta-inner\">\n\t\t\t\t\t\n\t\t\t\t\t\t\t\t\t\t<div class=\"elementor-testimonial-details\">\n\t\t\t\t\t\t\t\t\t\t\t\t\t\t<div class=\"elementor-testimonial-name\">Palestras e Experi\u00eancias<\/div>\n\t\t\t\t\t\t\t\t\t\t\t\t\t\t\t\t\t\t\t\t\t\t<div class=\"elementor-testimonial-job\">A palavra como agente de mudan\u00e7a<\/div>\n\t\t\t\t\t\t\t\t\t\t\t\t\t<\/div>\n\t\t\t\t\t\t\t\t\t<\/div>\n\t\t\t<\/div>\n\t\t\t\t\t<\/div>\n\t\t\t\t\t\t<\/div>\n\t\t\t\t<div class=\"elementor-element elementor-element-afae651 elementor-widget__width-initial elementor-widget-mobile__width-inherit elementor-widget elementor-widget-image\" data-id=\"afae651\" data-element_type=\"widget\" data-widget_type=\"image.default\">\n\t\t\t\t\t\t\t\t\t\t\t\t\t\t\t<img loading=\"lazy\" decoding=\"async\" width=\"800\" height=\"800\" src=\"https:\/\/sandrapedro.pt\/wp-content\/uploads\/2026\/01\/Sem-Titulo-3-1024x1024.png\" class=\"attachment-large size-large wp-image-173\" alt=\"\" srcset=\"https:\/\/sandrapedro.pt\/wp-content\/uploads\/2026\/01\/Sem-Titulo-3-1024x1024.png 1024w, https:\/\/sandrapedro.pt\/wp-content\/uploads\/2026\/01\/Sem-Titulo-3-300x300.png 300w, https:\/\/sandrapedro.pt\/wp-content\/uploads\/2026\/01\/Sem-Titulo-3-150x150.png 150w, https:\/\/sandrapedro.pt\/wp-content\/uploads\/2026\/01\/Sem-Titulo-3-768x768.png 768w, https:\/\/sandrapedro.pt\/wp-content\/uploads\/2026\/01\/Sem-Titulo-3.png 1080w\" sizes=\"(max-width: 800px) 100vw, 800px\" \/>\t\t\t\t\t\t\t\t\t\t\t\t\t\t\t<\/div>\n\t\t\t\t<\/div>\n\t\t\t\t<\/div>\n\t\t\t\t\t\t\t\t<\/div>\n\t\t\t\t\t\t\t\t<\/div>\n\t\t<\/div>\n\t\t\t\t\t<div class=\"elementor-swiper-button elementor-swiper-button-prev\" role=\"button\" tabindex=\"0\" aria-label=\"Previous\">\n\t\t\t\t<svg aria-hidden=\"true\" class=\"e-font-icon-svg e-eicon-chevron-left\" viewBox=\"0 0 1000 1000\" xmlns=\"http:\/\/www.w3.org\/2000\/svg\"><path d=\"M646 125C629 125 613 133 604 142L308 442C296 454 292 471 292 487 292 504 296 521 308 533L604 854C617 867 629 875 646 875 663 875 679 871 692 858 704 846 713 829 713 812 713 796 708 779 692 767L438 487 692 225C700 217 708 204 708 187 708 171 704 154 692 142 675 129 663 125 646 125Z\"><\/path><\/svg>\t\t\t<\/div>\n\t\t\t<div class=\"elementor-swiper-button elementor-swiper-button-next\" role=\"button\" tabindex=\"0\" aria-label=\"Next\">\n\t\t\t\t<svg aria-hidden=\"true\" class=\"e-font-icon-svg e-eicon-chevron-right\" viewBox=\"0 0 1000 1000\" xmlns=\"http:\/\/www.w3.org\/2000\/svg\"><path d=\"M696 533C708 521 713 504 713 487 713 471 708 454 696 446L400 146C388 133 375 125 354 125 338 125 325 129 313 142 300 154 292 171 292 187 292 204 296 221 308 233L563 492 304 771C292 783 288 800 288 817 288 833 296 850 308 863 321 871 338 875 354 875 371 875 388 867 400 854L696 533Z\"><\/path><\/svg>\t\t\t<\/div>\n\t\t\t\t\t\t<\/div>\n\t\t\t\t\t<\/div>\n\t\t\t\t<\/div>\n\t\t<div class=\"elementor-element elementor-element-d37eaa3 e-flex e-con-boxed e-con e-parent\" data-id=\"d37eaa3\" data-element_type=\"container\" data-settings=\"{&quot;background_background&quot;:&quot;classic&quot;}\">\n\t\t\t\t\t<div class=\"e-con-inner\">\n\t\t\t\t<div class=\"elementor-element elementor-element-3522fb0 elementor-widget elementor-widget-text-editor\" data-id=\"3522fb0\" data-element_type=\"widget\" data-widget_type=\"text-editor.default\">\n\t\t\t\t\t\t\t\t\t<p>COMUNICA\u00c7\u00c3O<\/p>\t\t\t\t\t\t\t\t<\/div>\n\t\t\t\t<div class=\"elementor-element elementor-element-b9c318b elementor-widget__width-initial elementor-widget elementor-widget-heading\" data-id=\"b9c318b\" data-element_type=\"widget\" data-widget_type=\"heading.default\">\n\t\t\t\t\t<h2 class=\"elementor-heading-title elementor-size-default\">A transforma\u00e7\u00e3o come\u00e7a quando a comunica\u00e7\u00e3o se torna consciente<\/h2>\t\t\t\t<\/div>\n\t\t\t\t<div class=\"elementor-element elementor-element-b4e1855 elementor-widget__width-initial elementor-widget elementor-widget-heading\" data-id=\"b4e1855\" data-element_type=\"widget\" data-widget_type=\"heading.default\">\n\t\t\t\t\t<div class=\"elementor-heading-title elementor-size-default\">Se sentes que chegou o momento de viver a tua voz de forma mais clara,\nescolhe o espa\u00e7o que ressoa contigo e d\u00e1 o primeiro passo.\n<\/div>\t\t\t\t<\/div>\n\t\t\t\t\t<\/div>\n\t\t\t\t<\/div>\n\t\t\t\t<\/div>\n\t\t","protected":false},"excerpt":{"rendered":"<p>MENTORIAS &amp; PROGRAMAS MENTORIAS &amp; PROGRAMAS Comunicar \u00e9 transformar. A comunica\u00e7\u00e3o \u00e9 a ponte entre o que somos e o que podemos criar juntos. Cada programa nasce da inten\u00e7\u00e3o de tornar a palavra um espa\u00e7o de clareza, autenticidade e impacto real. Onde a presen\u00e7a substitui o ru\u00eddo, e a consci\u00eancia transforma-se em a\u00e7\u00e3o. A Vozes [&hellip;]<\/p>\n","protected":false},"author":1,"featured_media":0,"parent":0,"menu_order":0,"comment_status":"closed","ping_status":"closed","template":"","meta":{"footnotes":""},"class_list":["post-103","page","type-page","status-publish","hentry"],"_links":{"self":[{"href":"https:\/\/sandrapedro.pt\/index.php?rest_route=\/wp\/v2\/pages\/103","targetHints":{"allow":["GET"]}}],"collection":[{"href":"https:\/\/sandrapedro.pt\/index.php?rest_route=\/wp\/v2\/pages"}],"about":[{"href":"https:\/\/sandrapedro.pt\/index.php?rest_route=\/wp\/v2\/types\/page"}],"author":[{"embeddable":true,"href":"https:\/\/sandrapedro.pt\/index.php?rest_route=\/wp\/v2\/users\/1"}],"replies":[{"embeddable":true,"href":"https:\/\/sandrapedro.pt\/index.php?rest_route=%2Fwp%2Fv2%2Fcomments&post=103"}],"version-history":[{"count":70,"href":"https:\/\/sandrapedro.pt\/index.php?rest_route=\/wp\/v2\/pages\/103\/revisions"}],"predecessor-version":[{"id":326,"href":"https:\/\/sandrapedro.pt\/index.php?rest_route=\/wp\/v2\/pages\/103\/revisions\/326"}],"wp:attachment":[{"href":"https:\/\/sandrapedro.pt\/index.php?rest_route=%2Fwp%2Fv2%2Fmedia&parent=103"}],"curies":[{"name":"wp","href":"https:\/\/api.w.org\/{rel}","templated":true}]}}